{"id":10,"date":"2020-11-15T15:11:04","date_gmt":"2020-11-15T15:11:04","guid":{"rendered":"https:\/\/www.hotelfarol.pt\/pt\/?page_id=10"},"modified":"2021-02-10T00:06:28","modified_gmt":"2021-02-10T00:06:28","slug":"politica-de-gestao","status":"publish","type":"page","link":"https:\/\/www.hotelfarol.pt\/pt\/politica-de-gestao\/","title":{"rendered":"Pol\u00edtica de Gest\u00e3o"},"content":{"rendered":"<div class=\"vgblk-rw-wrapper limit-wrapper\"><div class=\"content-with-padding post-501 page type-page status-publish hentry\">\n<div class=\"the-content\">\n<p style=\"text-align: justify;\">O saber escutar e compreender as necessidades dos seus Clientes, para que sejam disponibilizados servi\u00e7os ajustados de acordo com as suas expetativas, determinar\u00e1 o crescimento e a sustentabilidade dos resultados econ\u00f3micos do Hotel Farol.<\/p>\n<p style=\"text-align: justify;\">A adop\u00e7\u00e3o de sistema de gest\u00e3o suportados pelos princ\u00edpios estabelecidos na fam\u00edlia das normas ISO 9001 e das boas pr\u00e1ticas de seguran\u00e7a alimentar e ambiental, contribuir\u00e1 significativamente para a melhoria do desempenho da organiza\u00e7\u00e3o e do neg\u00f3cio, em termos da sua efici\u00eancia e efic\u00e1cia.<\/p>\n<p style=\"text-align: justify;\">O desenvolvimento sistem\u00e1tico das compet\u00eancias t\u00e9cnicas e profissionais dos Colaboradores internos e externos atrav\u00e9s de processos de desenvolvimento de compet\u00eancias, determinar\u00e3o a capacidade da Marques Portela &amp; Filhos, Lda. \u2013 Hotel Farol para ser uma refer\u00eancia de excel\u00eancia.<\/p>\n<p style=\"text-align: justify;\">O cumprimento dos requisitos legais, quer seja no \u00e2mbito da seguran\u00e7a alimentar, ambiente e condi\u00e7\u00f5es de trabalho, posicionam o Hotel Farol como entidade com responsabilidade social.<\/p>\n<\/div>\n<\/div>\n\n\n<p><\/p>\n<\/div><!-- .vgblk-rw-wrapper -->","protected":false},"excerpt":{"rendered":"<p>O saber escutar e compreender as necessidades dos seus Clientes, para que sejam disponibilizados servi\u00e7os ajustados de acordo com as suas expetativas, determinar\u00e1 o crescimento e a sustentabilidade dos resultados&#8230;<\/p>\n","protected":false},"author":1,"featured_media":0,"parent":0,"menu_order":0,"comment_status":"closed","ping_status":"closed","template":"","meta":{"inline_featured_image":false,"_price":"","_stock":"","_tribe_ticket_header":"","_tribe_default_ticket_provider":"","_tribe_ticket_capacity":"0","_ticket_start_date":"","_ticket_end_date":"","_tribe_ticket_show_description":"","_tribe_ticket_show_not_going":false,"_tribe_ticket_use_global_stock":"","_tribe_ticket_global_stock_level":"","_global_stock_mode":"","_global_stock_cap":"","_tribe_rsvp_for_event":"","_tribe_ticket_going_count":"","_tribe_ticket_not_going_count":"","_tribe_tickets_list":"[]","_tribe_ticket_has_attendee_info_fields":false,"footnotes":""},"class_list":["post-10","page","type-page","status-publish","hentry"],"yoast_head":"<!-- This site is optimized with the Yoast SEO plugin v26.5 - https:\/\/yoast.com\/wordpress\/plugins\/seo\/ -->\n<title>Pol\u00edtica de Gest\u00e3o - Hotel Farol<\/title>\n<meta name=\"robots\" content=\"index, follow, max-snippet:-1, max-image-preview:large, max-video-preview:-1\" \/>\n<link rel=\"canonical\" href=\"https:\/\/www.hotelfarol.pt\/pt\/politica-de-gestao\/\" \/>\n<meta property=\"og:locale\" content=\"pt_PT\" \/>\n<meta property=\"og:type\" content=\"article\" \/>\n<meta property=\"og:title\" content=\"Pol\u00edtica de Gest\u00e3o - Hotel Farol\" \/>\n<meta property=\"og:description\" content=\"O saber escutar e compreender as necessidades dos seus Clientes, para que sejam disponibilizados servi\u00e7os ajustados de acordo com as suas expetativas, determinar\u00e1 o crescimento e a sustentabilidade dos resultados...\" \/>\n<meta property=\"og:url\" content=\"https:\/\/www.hotelfarol.pt\/pt\/politica-de-gestao\/\" \/>\n<meta property=\"og:site_name\" content=\"Hotel Farol\" \/>\n<meta property=\"article:modified_time\" content=\"2021-02-10T00:06:28+00:00\" \/>\n<meta name=\"twitter:card\" content=\"summary_large_image\" \/>\n<meta name=\"twitter:label1\" content=\"Tempo estimado de leitura\" \/>\n\t<meta name=\"twitter:data1\" content=\"1 minuto\" \/>\n<script type=\"application\/ld+json\" class=\"yoast-schema-graph\">{\"@context\":\"https:\/\/schema.org\",\"@graph\":[{\"@type\":\"WebPage\",\"@id\":\"https:\/\/www.hotelfarol.pt\/pt\/politica-de-gestao\/\",\"url\":\"https:\/\/www.hotelfarol.pt\/pt\/politica-de-gestao\/\",\"name\":\"Pol\u00edtica de Gest\u00e3o - Hotel Farol\",\"isPartOf\":{\"@id\":\"https:\/\/www.hotelfarol.pt\/pt\/#website\"},\"datePublished\":\"2020-11-15T15:11:04+00:00\",\"dateModified\":\"2021-02-10T00:06:28+00:00\",\"breadcrumb\":{\"@id\":\"https:\/\/www.hotelfarol.pt\/pt\/politica-de-gestao\/#breadcrumb\"},\"inLanguage\":\"pt-PT\",\"potentialAction\":[{\"@type\":\"ReadAction\",\"target\":[\"https:\/\/www.hotelfarol.pt\/pt\/politica-de-gestao\/\"]}]},{\"@type\":\"BreadcrumbList\",\"@id\":\"https:\/\/www.hotelfarol.pt\/pt\/politica-de-gestao\/#breadcrumb\",\"itemListElement\":[{\"@type\":\"ListItem\",\"position\":1,\"name\":\"Home\",\"item\":\"https:\/\/www.hotelfarol.pt\/pt\/\"},{\"@type\":\"ListItem\",\"position\":2,\"name\":\"Pol\u00edtica de Gest\u00e3o\"}]},{\"@type\":\"WebSite\",\"@id\":\"https:\/\/www.hotelfarol.pt\/pt\/#website\",\"url\":\"https:\/\/www.hotelfarol.pt\/pt\/\",\"name\":\"Hotel Farol\",\"description\":\"\",\"publisher\":{\"@id\":\"https:\/\/www.hotelfarol.pt\/pt\/#organization\"},\"potentialAction\":[{\"@type\":\"SearchAction\",\"target\":{\"@type\":\"EntryPoint\",\"urlTemplate\":\"https:\/\/www.hotelfarol.pt\/pt\/?s={search_term_string}\"},\"query-input\":{\"@type\":\"PropertyValueSpecification\",\"valueRequired\":true,\"valueName\":\"search_term_string\"}}],\"inLanguage\":\"pt-PT\"},{\"@type\":\"Organization\",\"@id\":\"https:\/\/www.hotelfarol.pt\/pt\/#organization\",\"name\":\"Hotel Farol\",\"url\":\"https:\/\/www.hotelfarol.pt\/pt\/\",\"logo\":{\"@type\":\"ImageObject\",\"inLanguage\":\"pt-PT\",\"@id\":\"https:\/\/www.hotelfarol.pt\/pt\/#\/schema\/logo\/image\/\",\"url\":\"https:\/\/www.hotelfarol.pt\/pt\/wp-content\/uploads\/2020\/11\/cropped-capa-face-hotel-02-1-e1669090868239.png\",\"contentUrl\":\"https:\/\/www.hotelfarol.pt\/pt\/wp-content\/uploads\/2020\/11\/cropped-capa-face-hotel-02-1-e1669090868239.png\",\"width\":150,\"height\":150,\"caption\":\"Hotel Farol\"},\"image\":{\"@id\":\"https:\/\/www.hotelfarol.pt\/pt\/#\/schema\/logo\/image\/\"}}]}<\/script>\n<!-- \/ Yoast SEO plugin. -->","yoast_head_json":{"title":"Pol\u00edtica de Gest\u00e3o - Hotel Farol","robots":{"index":"index","follow":"follow","max-snippet":"max-snippet:-1","max-image-preview":"max-image-preview:large","max-video-preview":"max-video-preview:-1"},"canonical":"https:\/\/www.hotelfarol.pt\/pt\/politica-de-gestao\/","og_locale":"pt_PT","og_type":"article","og_title":"Pol\u00edtica de Gest\u00e3o - Hotel Farol","og_description":"O saber escutar e compreender as necessidades dos seus Clientes, para que sejam disponibilizados servi\u00e7os ajustados de acordo com as suas expetativas, determinar\u00e1 o crescimento e a sustentabilidade dos resultados...","og_url":"https:\/\/www.hotelfarol.pt\/pt\/politica-de-gestao\/","og_site_name":"Hotel Farol","article_modified_time":"2021-02-10T00:06:28+00:00","twitter_card":"summary_large_image","twitter_misc":{"Tempo estimado de leitura":"1 minuto"},"schema":{"@context":"https:\/\/schema.org","@graph":[{"@type":"WebPage","@id":"https:\/\/www.hotelfarol.pt\/pt\/politica-de-gestao\/","url":"https:\/\/www.hotelfarol.pt\/pt\/politica-de-gestao\/","name":"Pol\u00edtica de Gest\u00e3o - Hotel Farol","isPartOf":{"@id":"https:\/\/www.hotelfarol.pt\/pt\/#website"},"datePublished":"2020-11-15T15:11:04+00:00","dateModified":"2021-02-10T00:06:28+00:00","breadcrumb":{"@id":"https:\/\/www.hotelfarol.pt\/pt\/politica-de-gestao\/#breadcrumb"},"inLanguage":"pt-PT","potentialAction":[{"@type":"ReadAction","target":["https:\/\/www.hotelfarol.pt\/pt\/politica-de-gestao\/"]}]},{"@type":"BreadcrumbList","@id":"https:\/\/www.hotelfarol.pt\/pt\/politica-de-gestao\/#breadcrumb","itemListElement":[{"@type":"ListItem","position":1,"name":"Home","item":"https:\/\/www.hotelfarol.pt\/pt\/"},{"@type":"ListItem","position":2,"name":"Pol\u00edtica de Gest\u00e3o"}]},{"@type":"WebSite","@id":"https:\/\/www.hotelfarol.pt\/pt\/#website","url":"https:\/\/www.hotelfarol.pt\/pt\/","name":"Hotel Farol","description":"","publisher":{"@id":"https:\/\/www.hotelfarol.pt\/pt\/#organization"},"potentialAction":[{"@type":"SearchAction","target":{"@type":"EntryPoint","urlTemplate":"https:\/\/www.hotelfarol.pt\/pt\/?s={search_term_string}"},"query-input":{"@type":"PropertyValueSpecification","valueRequired":true,"valueName":"search_term_string"}}],"inLanguage":"pt-PT"},{"@type":"Organization","@id":"https:\/\/www.hotelfarol.pt\/pt\/#organization","name":"Hotel Farol","url":"https:\/\/www.hotelfarol.pt\/pt\/","logo":{"@type":"ImageObject","inLanguage":"pt-PT","@id":"https:\/\/www.hotelfarol.pt\/pt\/#\/schema\/logo\/image\/","url":"https:\/\/www.hotelfarol.pt\/pt\/wp-content\/uploads\/2020\/11\/cropped-capa-face-hotel-02-1-e1669090868239.png","contentUrl":"https:\/\/www.hotelfarol.pt\/pt\/wp-content\/uploads\/2020\/11\/cropped-capa-face-hotel-02-1-e1669090868239.png","width":150,"height":150,"caption":"Hotel Farol"},"image":{"@id":"https:\/\/www.hotelfarol.pt\/pt\/#\/schema\/logo\/image\/"}}]}},"_links":{"self":[{"href":"https:\/\/www.hotelfarol.pt\/pt\/wp-json\/wp\/v2\/pages\/10","targetHints":{"allow":["GET"]}}],"collection":[{"href":"https:\/\/www.hotelfarol.pt\/pt\/wp-json\/wp\/v2\/pages"}],"about":[{"href":"https:\/\/www.hotelfarol.pt\/pt\/wp-json\/wp\/v2\/types\/page"}],"author":[{"embeddable":true,"href":"https:\/\/www.hotelfarol.pt\/pt\/wp-json\/wp\/v2\/users\/1"}],"replies":[{"embeddable":true,"href":"https:\/\/www.hotelfarol.pt\/pt\/wp-json\/wp\/v2\/comments?post=10"}],"version-history":[{"count":1,"href":"https:\/\/www.hotelfarol.pt\/pt\/wp-json\/wp\/v2\/pages\/10\/revisions"}],"predecessor-version":[{"id":21214,"href":"https:\/\/www.hotelfarol.pt\/pt\/wp-json\/wp\/v2\/pages\/10\/revisions\/21214"}],"wp:attachment":[{"href":"https:\/\/www.hotelfarol.pt\/pt\/wp-json\/wp\/v2\/media?parent=10"}],"curies":[{"name":"wp","href":"https:\/\/api.w.org\/{rel}","templated":true}]}}

Política de Gestão

<div class="vgblk-rw-wrapper limit-wrapper"><div class="content-with-padding post-501 page type-page status-publish hentry">
<div class="the-content">
<p style="text-align: justify;">O saber escutar e compreender as necessidades dos seus Clientes, para que sejam disponibilizados serviços ajustados de acordo com as suas expetativas, determinará o crescimento e a sustentabilidade dos resultados económicos do Hotel Farol.</p>
<p style="text-align: justify;">A adopção de sistema de gestão suportados pelos princípios estabelecidos na família das normas ISO 9001 e das boas práticas de segurança alimentar e ambiental, contribuirá significativamente para a melhoria do desempenho da organização e do negócio, em termos da sua eficiência e eficácia.</p>
<p style="text-align: justify;">O desenvolvimento sistemático das competências técnicas e profissionais dos Colaboradores internos e externos através de processos de desenvolvimento de competências, determinarão a capacidade da Marques Portela &amp; Filhos, Lda. – Hotel Farol para ser uma referência de excelência.</p>
<p style="text-align: justify;">O cumprimento dos requisitos legais, quer seja no âmbito da segurança alimentar, ambiente e condições de trabalho, posicionam o Hotel Farol como entidade com responsabilidade social.</p>
</div>
</div>


<p></p>
</div><!-- .vgblk-rw-wrapper -->

<p>O saber escutar e compreender as necessidades dos seus Clientes, para que sejam disponibilizados serviços ajustados de acordo com as suas expetativas, determinará o crescimento e a sustentabilidade dos resultados&#8230;</p>

<!-- This site is optimized with the Yoast SEO plugin v26.5 - https://yoast.com/wordpress/plugins/seo/ -->
<title>Política de Gestão - Hotel Farol</title>
<meta name="robots" content="index, follow, max-snippet:-1, max-image-preview:large, max-video-preview:-1" />
<link rel="canonical" href="https://www.hotelfarol.pt/pt/politica-de-gestao/" />
<meta property="og:locale" content="pt_PT" />
<meta property="og:type" content="article" />
<meta property="og:title" content="Política de Gestão - Hotel Farol" />
<meta property="og:description" content="O saber escutar e compreender as necessidades dos seus Clientes, para que sejam disponibilizados serviços ajustados de acordo com as suas expetativas, determinará o crescimento e a sustentabilidade dos resultados..." />
<meta property="og:url" content="https://www.hotelfarol.pt/pt/politica-de-gestao/" />
<meta property="og:site_name" content="Hotel Farol" />
<meta property="article:modified_time" content="2021-02-10T00:06:28+00:00" />
<meta name="twitter:card" content="summary_large_image" />
<meta name="twitter:label1" content="Tempo estimado de leitura" />
	<meta name="twitter:data1" content="1 minuto" />
<script type="application/ld+json" class="yoast-schema-graph">{"@context":"https://schema.org","@graph":[{"@type":"WebPage","@id":"https://www.hotelfarol.pt/pt/politica-de-gestao/","url":"https://www.hotelfarol.pt/pt/politica-de-gestao/","name":"Política de Gestão - Hotel Farol","isPartOf":{"@id":"https://www.hotelfarol.pt/pt/#website"},"datePublished":"2020-11-15T15:11:04+00:00","dateModified":"2021-02-10T00:06:28+00:00","breadcrumb":{"@id":"https://www.hotelfarol.pt/pt/politica-de-gestao/#breadcrumb"},"inLanguage":"pt-PT","potentialAction":[{"@type":"ReadAction","target":["https://www.hotelfarol.pt/pt/politica-de-gestao/"]}]},{"@type":"BreadcrumbList","@id":"https://www.hotelfarol.pt/pt/politica-de-gestao/#breadcrumb","itemListElement":[{"@type":"ListItem","position":1,"name":"Home","item":"https://www.hotelfarol.pt/pt/"},{"@type":"ListItem","position":2,"name":"Política de Gestão"}]},{"@type":"WebSite","@id":"https://www.hotelfarol.pt/pt/#website","url":"https://www.hotelfarol.pt/pt/","name":"Hotel Farol","description":"","publisher":{"@id":"https://www.hotelfarol.pt/pt/#organization"},"potentialAction":[{"@type":"SearchAction","target":{"@type":"EntryPoint","urlTemplate":"https://www.hotelfarol.pt/pt/?s={search_term_string}"},"query-input":{"@type":"PropertyValueSpecification","valueRequired":true,"valueName":"search_term_string"}}],"inLanguage":"pt-PT"},{"@type":"Organization","@id":"https://www.hotelfarol.pt/pt/#organization","name":"Hotel Farol","url":"https://www.hotelfarol.pt/pt/","logo":{"@type":"ImageObject","inLanguage":"pt-PT","@id":"https://www.hotelfarol.pt/pt/#/schema/logo/image/","url":"https://www.hotelfarol.pt/pt/wp-content/uploads/2020/11/cropped-capa-face-hotel-02-1-e1669090868239.png","contentUrl":"https://www.hotelfarol.pt/pt/wp-content/uploads/2020/11/cropped-capa-face-hotel-02-1-e1669090868239.png","width":150,"height":150,"caption":"Hotel Farol"},"image":{"@id":"https://www.hotelfarol.pt/pt/#/schema/logo/image/"}}]}</script>
<!-- / Yoast SEO plugin. -->

Política de Gestão - Hotel Farol

O saber escutar e compreender as necessidades dos seus Clientes, para que sejam disponibilizados serviços ajustados de acordo com as suas expetativas, determinará o crescimento e a sustentabilidade dos resultados...
